{"id":26,"date":"2014-10-13T14:58:14","date_gmt":"2014-10-13T14:58:14","guid":{"rendered":"http:\/\/abastecemos.com.co\/?page_id=26"},"modified":"2014-10-17T12:05:08","modified_gmt":"2014-10-17T12:05:08","slug":"equipos-para-banos-de-vapor","status":"publish","type":"page","link":"http:\/\/abastecemos.com.co\/?page_id=26","title":{"rendered":"Equipos para Ba\u00f1os de vapor"},"content":{"rendered":"<p>Dise\u00f1amos y fabricamos Ba\u00f1os Turcos \u00a0<a href=\"http:\/\/abastecemos.com.co\/?page_id=19\">Click Aqui<\/a>\u00a0para saber mas.<\/p>\n<p><strong>En Abastecemos tenemos la soluci\u00f3n en equipos para ba\u00f1os turcos, ya que fabricamos y reparamos calderas a Gas y el\u00e9ctricas siendo pioneros en equipos para ba\u00f1os de vapor.<\/strong><!--more--><\/p>\n<p>&nbsp;<\/p>\n<p><strong>Calderas a Gas<\/strong><\/p>\n<p>&nbsp;<\/p>\n\n\t\t<style type=\"text\/css\">\n\t\t\t#gallery-1 {\n\t\t\t\tmargin: auto;\n\t\t\t}\n\t\t\t#gallery-1 .gallery-item {\n\t\t\t\tfloat: left;\n\t\t\t\tmargin-top: 10px;\n\t\t\t\ttext-align: center;\n\t\t\t\twidth: 25%;\n\t\t\t}\n\t\t\t#gallery-1 img {\n\t\t\t\tborder: 2px solid #cfcfcf;\n\t\t\t}\n\t\t\t#gallery-1 .gallery-caption {\n\t\t\t\tmargin-left: 0;\n\t\t\t}\n\t\t\t\/* see gallery_shortcode() in wp-includes\/media.php *\/\n\t\t<\/style>\n\t\t<div id='gallery-1' class='gallery galleryid-26 gallery-columns-4 gallery-size-thumbnail'><dl class='gallery-item'>\n\t\t\t<dt class='gallery-icon portrait'>\n\t\t\t\t<a href='http:\/\/abastecemos.com.co\/?attachment_id=94'><img loading=\"lazy\" decoding=\"async\" width=\"150\" height=\"150\" src=\"http:\/\/abastecemos.com.co\/wp-content\/uploads\/2014\/10\/caldera-para-turco4-150x150.png\" class=\"attachment-thumbnail size-thumbnail\" alt=\"\" srcset=\"http:\/\/abastecemos.com.co\/wp-content\/uploads\/2014\/10\/caldera-para-turco4-150x150.png 150w, http:\/\/abastecemos.com.co\/wp-content\/uploads\/2014\/10\/caldera-para-turco4-75x75.png 75w, http:\/\/abastecemos.com.co\/wp-content\/uploads\/2014\/10\/caldera-para-turco4-184x184.png 184w\" sizes=\"auto, (max-width: 150px) 100vw, 150px\" \/><\/a>\n\t\t\t<\/dt><\/dl><dl class='gallery-item'>\n\t\t\t<dt class='gallery-icon portrait'>\n\t\t\t\t<a href='http:\/\/abastecemos.com.co\/?attachment_id=93'><img loading=\"lazy\" decoding=\"async\" width=\"150\" height=\"150\" src=\"http:\/\/abastecemos.com.co\/wp-content\/uploads\/2014\/10\/caldera-para-turco3-150x150.png\" class=\"attachment-thumbnail size-thumbnail\" alt=\"\" srcset=\"http:\/\/abastecemos.com.co\/wp-content\/uploads\/2014\/10\/caldera-para-turco3-150x150.png 150w, http:\/\/abastecemos.com.co\/wp-content\/uploads\/2014\/10\/caldera-para-turco3-75x75.png 75w, http:\/\/abastecemos.com.co\/wp-content\/uploads\/2014\/10\/caldera-para-turco3-184x184.png 184w\" sizes=\"auto, (max-width: 150px) 100vw, 150px\" \/><\/a>\n\t\t\t<\/dt><\/dl><dl class='gallery-item'>\n\t\t\t<dt class='gallery-icon portrait'>\n\t\t\t\t<a href='http:\/\/abastecemos.com.co\/?attachment_id=91'><img loading=\"lazy\" decoding=\"async\" width=\"150\" height=\"150\" src=\"http:\/\/abastecemos.com.co\/wp-content\/uploads\/2014\/10\/caldera-abast-150x150.png\" class=\"attachment-thumbnail size-thumbnail\" alt=\"\" srcset=\"http:\/\/abastecemos.com.co\/wp-content\/uploads\/2014\/10\/caldera-abast-150x150.png 150w, http:\/\/abastecemos.com.co\/wp-content\/uploads\/2014\/10\/caldera-abast-75x75.png 75w, http:\/\/abastecemos.com.co\/wp-content\/uploads\/2014\/10\/caldera-abast-184x184.png 184w\" sizes=\"auto, (max-width: 150px) 100vw, 150px\" \/><\/a>\n\t\t\t<\/dt><\/dl><dl class='gallery-item'>\n\t\t\t<dt class='gallery-icon portrait'>\n\t\t\t\t<a href='http:\/\/abastecemos.com.co\/?attachment_id=89'><img loading=\"lazy\" decoding=\"async\" width=\"150\" height=\"150\" src=\"http:\/\/abastecemos.com.co\/wp-content\/uploads\/2014\/10\/caldera-abast2-150x150.png\" class=\"attachment-thumbnail size-thumbnail\" alt=\"\" srcset=\"http:\/\/abastecemos.com.co\/wp-content\/uploads\/2014\/10\/caldera-abast2-150x150.png 150w, http:\/\/abastecemos.com.co\/wp-content\/uploads\/2014\/10\/caldera-abast2-75x75.png 75w, http:\/\/abastecemos.com.co\/wp-content\/uploads\/2014\/10\/caldera-abast2-184x184.png 184w\" sizes=\"auto, (max-width: 150px) 100vw, 150px\" \/><\/a>\n\t\t\t<\/dt><\/dl><br style=\"clear: both\" \/>\n\t\t<\/div>\n\n<p><strong>Calderas Electricas<\/strong><\/p>\n<p><a href=\"http:\/\/abastecemos.com.co\/wp-content\/uploads\/2014\/10\/caldera-para-turco-electrica.png\"><img loading=\"lazy\" decoding=\"async\" class=\"size-medium wp-image-92 aligncenter\" src=\"http:\/\/abastecemos.com.co\/wp-content\/uploads\/2014\/10\/caldera-para-turco-electrica-300x259.png\" alt=\"caldera para turco electrica\" width=\"300\" height=\"259\" srcset=\"http:\/\/abastecemos.com.co\/wp-content\/uploads\/2014\/10\/caldera-para-turco-electrica-300x259.png 300w, http:\/\/abastecemos.com.co\/wp-content\/uploads\/2014\/10\/caldera-para-turco-electrica-1024x885.png 1024w, http:\/\/abastecemos.com.co\/wp-content\/uploads\/2014\/10\/caldera-para-turco-electrica-220x190.png 220w, http:\/\/abastecemos.com.co\/wp-content\/uploads\/2014\/10\/caldera-para-turco-electrica-187x161.png 187w, http:\/\/abastecemos.com.co\/wp-content\/uploads\/2014\/10\/caldera-para-turco-electrica-453x391.png 453w, http:\/\/abastecemos.com.co\/wp-content\/uploads\/2014\/10\/caldera-para-turco-electrica.png 2017w\" sizes=\"auto, (max-width: 300px) 100vw, 300px\" \/><\/a><\/p>\n<h2 style=\"text-align: center;\"><span style=\"color: #99cc00;\">Comun\u00edquese con nosotros y elija el equipo mas se adec\u00fae a sus necesidades<\/span><\/h2>\n<h2><strong>Las calderas El\u00e9ctricas<\/strong><\/h2>\n<p><span id=\"result_box\" class=\"\" lang=\"es\"><span class=\"hps\">Una<\/span> <span class=\"hps\">caldera de vapor<\/span> <span class=\"hps\">el\u00e9ctrica es un<\/span> <span class=\"hps\">tipo de caldera<\/span> <span class=\"hps\">donde se genera<\/span> <span class=\"hps\">el vapor de agua<\/span> <span class=\"hps\">utilizando<\/span> <span class=\"hps\">la electricidad<\/span>, en lugar de <span class=\"hps\">a trav\u00e9s de la<\/span> <span class=\"hps\">combusti\u00f3n de una<\/span> <span class=\"hps\">fuente de combustible.<\/span> <span class=\"hps\">Estas calderas<\/span> <span class=\"hps\">se utilizan para<\/span> <span class=\"hps\">generar vapor de agua<\/span> <span class=\"hps\">para fines<\/span> <span class=\"hps\">de proceso<\/span> <span class=\"hps\">en muchos lugares ademas de los ba\u00f1os turcos<\/span>, <span class=\"hps\">por ejemplo,<\/span> <span class=\"hps\">lavander\u00edas<\/span>, f\u00e1bricas <span class=\"hps\">de procesamiento de alimentos<\/span> <span class=\"hps\">y hospitales.<\/span> <span class=\"hps\">Aunque son<\/span> <span class=\"hps\">m\u00e1s<\/span> <span class=\"hps\">caros de mantener<\/span> <span class=\"hps\">que<\/span> <span class=\"hps\">las calderas de gas<\/span> <span class=\"hps\">o<\/span> <span class=\"hps\">fuel-oil<\/span> <span class=\"hps\">son<\/span> <span class=\"hps\">populares debido a su<\/span> <span class=\"hps\">simplicidad<\/span> <span class=\"hps\">y facilidad de uso<\/span>. <span class=\"hps\">Debido a las grandes<\/span> <span class=\"hps\">corrientes<\/span> <span class=\"hps\">requeridas<\/span>, normalmente se <span class=\"hps\">ejecutan desde<\/span> <span class=\"hps\">un suministro de electricidad<\/span> <span class=\"hps\">de tres fases.<\/span> <span class=\"hps\">Ellos<\/span> <span class=\"hps\">convierten la energ\u00eda<\/span> <span class=\"hps\">el\u00e9ctrica en energ\u00eda<\/span> <span class=\"hps\">t\u00e9rmica<\/span>, con casi <span class=\"hps\">100<\/span>% de eficiencia, pero <span class=\"hps\">la eficiencia<\/span> <span class=\"hps\">t\u00e9rmica global<\/span> <span class=\"hps\">es variable<\/span>, dependiendo de <span class=\"hps\">la eficiencia con la<\/span> <span class=\"hps\">que se genera la<\/span> <span class=\"hps\">electricidad<\/span>.<\/p>\n<p><strong><span class=\"hps\">Hacer<\/span> <span class=\"hps\">vapor con<\/span> <span class=\"hps\">una caldera el\u00e9ctrica<\/span> <\/strong><\/p>\n<p><span class=\"hps\">El proceso de creaci\u00f3n<\/span> <span class=\"hps\">de vapor con<\/span> <span class=\"hps\">una caldera el\u00e9ctrica<\/span> <span class=\"hps\">es bastante simple<\/span>. <span class=\"hps\">La electricidad se<\/span> <span class=\"hps\">ejecuta a trav\u00e9s de<\/span> <span class=\"hps\">un elemento de calentamiento<\/span> <span class=\"hps\">que act\u00faa<\/span> <span class=\"hps\">como una resistencia<\/span> <span class=\"hps\">para crear<\/span> <span class=\"hps\">calor a trav\u00e9s de<\/span> <span class=\"hps\">la resistencia.<\/span> <span class=\"hps\">El agua del<\/span> <span class=\"hps\">sistema o<\/span> <span class=\"hps\">el tanque de retenci\u00f3n<\/span> <span class=\"hps\">es<\/span> <span class=\"hps\">a continuaci\u00f3n, ejecute<\/span> <span class=\"hps\">sobre o cerca de<\/span> <span class=\"hps\">este elemento<\/span> <span class=\"hps\">caliente en<\/span> <span class=\"hps\">un tubo o<\/span> <span class=\"hps\">tanque,<\/span> <span class=\"hps\">calentando el agua a<\/span> <span class=\"hps\">una temperatura adecuada<\/span>, a continuaci\u00f3n, <span class=\"hps\">haciendo que el agua<\/span> <span class=\"hps\">suficientemente caliente como para<\/span> <span class=\"hps\">hervir<\/span> <span class=\"hps\">y convertirse en<\/span> <span class=\"hps\">vapor saturado<\/span>, <span class=\"hps\">en cuyo punto el<\/span> <span class=\"hps\">vapor saturado<\/span> <span class=\"hps\">es transportado a<\/span> <span class=\"hps\">donde sea necesario<\/span> <span class=\"hps\">a trav\u00e9s de<\/span> <span class=\"hps\">las<\/span> <span class=\"hps\">tuber\u00edas de vapor<\/span> <span class=\"hps\">que salen del<\/span> <span class=\"hps\">cuerpo<\/span> <span class=\"hps\">de la caldera<\/span> <span class=\"hps\">el\u00e9ctrica<\/span>. <span class=\"hps\">Calderas de vapor<\/span> <span class=\"hps\">el\u00e9ctrico<\/span> <span class=\"hps\">trabajan de una manera<\/span> <span class=\"hps\">muy similar<\/span> <span class=\"hps\">a las <\/span><span class=\"hps\">calderas<\/span> <span class=\"hps\">calentadas<\/span> <span class=\"hps\">con fuego.<\/span><br \/>\n<\/span><\/p>\n<p><span id=\"result_box\" class=\"\" lang=\"es\"><strong><span class=\"hps\">Ventajas<\/span><\/strong><\/p>\n<p><span class=\"hps\">Algunos expertos<\/span> <span class=\"hps\">que trabajan con<\/span> <span class=\"hps\">las calderas<\/span> <span class=\"hps\">en<\/span> <span class=\"hps\">la base del d\u00eda<\/span> <span class=\"hps\">a d\u00eda<\/span> <span class=\"hps\">sienten que<\/span> <span class=\"hps\">las calderas el\u00e9ctricas<\/span> <span class=\"hps\">son en realidad<\/span> <span class=\"hps\">superiores a<\/span> <span class=\"hps\">alimentar<\/span> <span class=\"hps\">las calderas de<\/span> <span class=\"hps\">calefacci\u00f3n<\/span> <span class=\"hps\">en<\/span> <span class=\"hps\">algunas maneras<\/span>. <span class=\"hps\">Esos<\/span> <span class=\"hps\">expertos<\/span> <span class=\"hps\">dicen<\/span> <span class=\"hps\">que el uso de<\/span> <span class=\"hps\">las calderas el\u00e9ctricas<\/span> <span class=\"hps\">en realidad puede ser<\/span> <span class=\"hps\">m\u00e1s barato que utilizar<\/span> <span class=\"hps\">una<\/span> <span class=\"hps\">caldera de<\/span> <span class=\"hps\">calentamiento,<\/span> <span class=\"hps\">mientras que tambi\u00e9n<\/span> <span class=\"hps\">pudiendo ser<\/span> <span class=\"hps\">mucho m\u00e1s ecol\u00f3gica<\/span>. <span class=\"hps\">Las<\/span> <span class=\"hps\">calderas el\u00e9ctricas<\/span> <span class=\"hps\">tambi\u00e9n requieren<\/span> <span class=\"hps\">menos equipos<\/span> <span class=\"hps\">a instalar<\/span> <span class=\"hps\">que una caldera<\/span> <span class=\"hps\">tradicional<\/span> <span class=\"hps\">que ayuda a reducir<\/span> <span class=\"hps\">los<\/span> <span class=\"hps\">altos costos<\/span> <span class=\"hps\">de instalaci\u00f3n que<\/span> <span class=\"hps\">vienen con<\/span> <span class=\"hps\">una caldera<\/span> <span class=\"hps\">de combustible<\/span> <span class=\"hps\">calentado<\/span>. Las c<span class=\"hps\">alderas<\/span> <span class=\"hps\">el\u00e9ctricas pueden<\/span> <span class=\"hps\">caber en<\/span> <span class=\"hps\">\u00e1reas m\u00e1s peque\u00f1as<\/span> <span class=\"hps\">debido a la<\/span> <span class=\"hps\">forma en que<\/span> <span class=\"hps\">se construyen y<\/span> <span class=\"hps\">la falta de<\/span> <span class=\"hps\">piezas necesarias<\/span> <span class=\"hps\">que<\/span> <span class=\"hps\">una caldera<\/span> <span class=\"hps\">calentada<\/span> <span class=\"hps\">combustible<\/span> <span class=\"hps\">requiere<\/span> <span class=\"hps\">para operar<\/span>. <\/span><\/p>\n<p><span id=\"result_box\" class=\"\" lang=\"es\"><br \/>\n<strong><span class=\"hps\">Seguridad<\/span> <span class=\"hps\">de<\/span> <span class=\"hps\">funcionamiento de<\/span> <span class=\"hps\">las calderas el\u00e9ctricas<\/span> <span class=\"hps\">sobre<\/span> <span class=\"hps\">las calderas de combustible<\/span> <span class=\"hps\">calentado<\/span><\/strong><\/p>\n<p><span class=\"hps\">Debido a que<\/span> <span class=\"hps\">las calderas el\u00e9ctricas<\/span> <span class=\"hps\">no utilizan<\/span> <span class=\"hps\">formas complicadas de<\/span> <span class=\"hps\">intercambio de calor<\/span>, por ejemplo, <span class=\"hps\">combustible<\/span>, las <span class=\"hps\">calderas<\/span> <span class=\"hps\">calentadas<\/span> <span class=\"hps\">requieren m\u00faltiples<\/span> <span class=\"hps\">piezas<\/span> <span class=\"hps\">diferentes<\/span> <span class=\"hps\">para operar con \u00e9xito<\/span> <span class=\"hps\">que no contienen<\/span> <span class=\"hps\">muchos de los peligros<\/span> <span class=\"hps\">potenciales que<\/span> <span class=\"hps\">una caldera<\/span> <span class=\"hps\">de combustible<\/span> <span class=\"hps\">calentado<\/span> <span class=\"hps\">puede<\/span> <span class=\"hps\">presentar<\/span>. <span class=\"hps\">Calderas el\u00e9ctricas<\/span> <span class=\"hps\">son tambi\u00e9n mucho<\/span> <span class=\"hps\">m\u00e1s f\u00e1cil de mantener<\/span>, ya que no <span class=\"hps\">necesitan<\/span> <span class=\"hps\">la sustituci\u00f3n del tubo<\/span> <span class=\"hps\">que<\/span> <span class=\"hps\">se calienta<\/span> y que <span class=\"hps\">una caldera de<\/span> <span class=\"hps\">fuego<\/span> <span class=\"hps\">requerir\u00eda<\/span>, <span class=\"hps\">debido a<\/span> <span class=\"hps\">holl\u00edn y<\/span> <span class=\"hps\">residuos de combustible<\/span>, <span class=\"hps\">o cualquiera de los<\/span> <span class=\"hps\">mantenimiento<\/span> <span class=\"hps\">fuego necesario<\/span> <span class=\"hps\">para una caldera de<\/span> <span class=\"hps\">fuego<\/span> <span class=\"hps\">calentado<\/span>. <span class=\"hps atn\">las <\/span><span class=\"hps\">calderas<\/span> <span class=\"hps\">el\u00e9ctricas tienen<\/span> <span class=\"hps\">menor<\/span> <span class=\"hps\">huella de carbono<\/span> <span class=\"hps\">que sus primos<\/span> <span class=\"hps\">tradicionales<\/span>: <span class=\"hps\">combustible<\/span> <span class=\"hps\">calentado<\/span> <span class=\"hps\">calderas de vapor,<\/span> <span class=\"hps\">y<\/span> <span class=\"hps\">requieren menos<\/span> <span class=\"hps\">espacio en general,<\/span>  <span class=\"hps\">por lo que es una<\/span> <span class=\"hps\">buena opci\u00f3n para<\/span> <span class=\"hps\">unas<\/span> <span class=\"hps\">operaciones m\u00e1s peque\u00f1as<\/span> <span class=\"hps\">que se encuentran en<\/span> <span class=\"hps\">necesidad<\/span> <span class=\"hps\">de una caldera<\/span>.<br \/>\n<span class=\"hps\">otros beneficios<\/span><\/p>\n<p><span class=\"hps\">Algunos<\/span> <span class=\"hps\">otros posibles beneficios<\/span> <span class=\"hps\">que deben ser considerados<\/span> <span class=\"hps\">son la sostenibilidad<\/span>, debido a sus <span class=\"hps\">bajos requerimientos de mantenimiento<\/span>, capacidad de venta, debido a <span class=\"hps\">la idea de<\/span> <span class=\"hps\">verde es<\/span> <span class=\"hps\">mejor,<\/span> <span class=\"hps\">los reglamentos<\/span>, ya que <span class=\"hps\">no es tan peligroso<\/span> <span class=\"hps\">para funcionar<\/span> <span class=\"hps\">que una caldera<\/span> <span class=\"hps\">calentada<\/span> <span class=\"hps\">fuego<\/span> <span class=\"hps\">tradicional.<\/span><\/p>\n<p><\/span><\/p>\n<p>&nbsp;<\/p>\n<p>&nbsp;<\/p>\n<p>Tags : calderas para ba\u00f1os turcos, equipos para ba\u00f1os de vapor, calderas para ba\u00f1os turcos, equipos para ba\u00f1os turcos,<\/p>\n","protected":false},"excerpt":{"rendered":"<p>Dise\u00f1amos y fabricamos Ba\u00f1os Turcos \u00a0Click Aqui\u00a0para saber mas. En Abastecemos tenemos la soluci\u00f3n en equipos para ba\u00f1os turcos, ya que fabricamos y reparamos calderas a Gas y el\u00e9ctricas siendo pioneros en equipos para ba\u00f1os de vapor.<\/p>\n","protected":false},"author":1,"featured_media":43,"parent":0,"menu_order":0,"comment_status":"open","ping_status":"open","template":"","meta":{"_joinchat":[],"footnotes":""},"class_list":["post-26","page","type-page","status-publish","has-post-thumbnail","hentry"],"_links":{"self":[{"href":"http:\/\/abastecemos.com.co\/index.php?rest_route=\/wp\/v2\/pages\/26","targetHints":{"allow":["GET"]}}],"collection":[{"href":"http:\/\/abastecemos.com.co\/index.php?rest_route=\/wp\/v2\/pages"}],"about":[{"href":"http:\/\/abastecemos.com.co\/index.php?rest_route=\/wp\/v2\/types\/page"}],"author":[{"embeddable":true,"href":"http:\/\/abastecemos.com.co\/index.php?rest_route=\/wp\/v2\/users\/1"}],"replies":[{"embeddable":true,"href":"http:\/\/abastecemos.com.co\/index.php?rest_route=%2Fwp%2Fv2%2Fcomments&post=26"}],"version-history":[{"count":8,"href":"http:\/\/abastecemos.com.co\/index.php?rest_route=\/wp\/v2\/pages\/26\/revisions"}],"predecessor-version":[{"id":112,"href":"http:\/\/abastecemos.com.co\/index.php?rest_route=\/wp\/v2\/pages\/26\/revisions\/112"}],"wp:featuredmedia":[{"embeddable":true,"href":"http:\/\/abastecemos.com.co\/index.php?rest_route=\/wp\/v2\/media\/43"}],"wp:attachment":[{"href":"http:\/\/abastecemos.com.co\/index.php?rest_route=%2Fwp%2Fv2%2Fmedia&parent=26"}],"curies":[{"name":"wp","href":"https:\/\/api.w.org\/{rel}","templated":true}]}}